, what is 1112 + -121001?
-112112
In base 5, what is -14200 - -440?
-13210
In base 9, what is -1644 - -78?
-1555
In base 12, what is 29761 - 3?
2975a
In base 3, what is 20 - -1212002001?
1212002021
In base 11, what is -166312 - 3?
-166315
In base 2, what is -100100011000 - -11010?
-100011111110
In base 6, what is -241412 + -121?
-241533
In base 11, what is -2 - 49580?
-49582
In base 8, what is -6306 + -546?
-7054
In base 4, what is 1 - 1132001310?
-1132001303
In base 13, what is 1 - 74a01?
-74a00
In base 9, what is 0 + 1173766?
1173766
In base 9, what is -222 + 33?
-178
In base 9, what is 4 + 6371?
6375
In base 7, what is 1605 + -3456?
-1551
In base 2, what is -11 + -1101011111110011?
-1101011111110110
In base 7, what is 2646 + 602?
3551
In base 3, what is 10010 + -110202?
-100122
In base 12, what is -8 - -4b28?
4b20
In base 8, what is -5 + 20110?
20103
In base 11, what is -129 + -7150?
-7279
In base 5, what is -10 + -33043?
-33103
In base 9, what is 140104 + -16?
140077
In base 16, what is 12 - 17c5?
-17b3
In base 11, what is 1 + 133205?
133206
In base 8, what is -746231 - -3?
-746226
In base 11, what is -2479 - -1a3?
-2286
In base 14, what is -550c + 4?
-5508
In base 16, what is 1b3f06 - -2?
1b3f08
In base 8, what is -1 - -3732?
3731
In base 13, what is -184b9 + -77?
-18563
In base 11, what is 5026 + -70?
4a66
In base 12, what is 6b7 + 12?
709
In base 4, what is -232 + -22310?
-23202
In base 6, what is -3113 + 331?
-2342
In base 16, what is 1a - -11dfc?
11e16
In base 10, what is 189 - -7520?
7709
In base 8, what is 1735 + -523?
1212
In base 8, what is -2 + -74472?
-74474
In base 4, what is 10 + -2110232112?
-2110232102
In base 9, what is 220 - -42?
262
In base 11, what is -154 - -371?
218
In base 2, what is 1101 - -1010101110111?
1010110000100
In base 3, what is 12 - 101012122121?
-101012122102
In base 14, what is 306db - 5?
306d6
In base 2, what is 10 - -1001100100110000110?
1001100100110001000
In base 5, what is 301 + -41424?
-41123
In base 13, what is -b + 505?
4c7
In base 9, what is 112625 - 1?
112624
In base 16, what is 9132d - 2?
9132b
In base 10, what is 31 - -1118?
1149
In base 13, what is -28b30 + 3?
-28b2a
In base 4, what is -30 - -12023232?
12023202
In base 13, what is -40 - -25?
-18
In base 10, what is -374 - 84?
-458
In base 6, what is 1 - 111201025?
-111201024
In base 12, what is 81 - 597?
-516
In base 10, what is -8 - -2000?
1992
In base 8, what is -22773 + 25?
-22746
In base 3, what is 101211221 + 10?
101212001
In base 5, what is -23104 + 2044?
-21010
In base 14, what is 14 - -4bc?
4d2
In base 4, what is -20001 - 22321?
-102322
In base 8, what is -1 + 5375?
5374
In base 11, what is 22554 - 2?
22552
In base 5, what is 1304011 - 0?
1304011
In base 5, what is 10 - 414303?
-414243
In base 2, what is -1000101011011 - 101111?
-1000110001010
In base 11, what is 26a - 4?
266
In base 10, what is 2 + 32027?
32029
In base 4, what is -112310022 - -23?
-112303333
In base 16, what is -3a + 4b2?
478
In base 4, what is 21023 + -212?
20211
In base 8, what is 2434 + 72?
2526
In base 4, what is -10220203323 - -1?
-10220203322
In base 3, what is -2 + 222020?
222011
In base 15, what is -6 - 87c?
-883
In base 15, what is 15140 - 5?
1513a
In base 4, what is -2 + -201312?
-201320
In base 5, what is -31130 + -1043?
-32223
In base 10, what is 1623 + -29?
1594
In base 5, what is 43301 + 24?
43330
In base 6, what is 101440 + 143?
102023
In base 2, what is 1010111001011010 + 1?
1010111001011011
In base 3, what is 20 + -12002011022?
-12002011002
In base 3, what is -11102121 - 1121?
-11111012
In base 7, what is 1626 + -2?
1624
In base 13, what is -1776 + 83?
-16c3
In base 12, what is -465 + 17?
-44a
In base 13, what is -1 - -3749?
3748
In base 10, what is 830 + -214?
616
In base 6, what is 433224 - -5?
433233
In base 14, what is 3b + -4d11?
-4cb4
In base 6, what is 24305 + 34?
24343
In base 12, what is 29 - 4b42?
-4b15
In base 7, what is -361 - -11546?
11155
In base 15, what is 3b161 + 7?
3b168
In base 9, what is -10361 - 14?
-10375
In base 16, what is -144d + 3a?
-1413
In base 7, what is 5 - -65335?
65343
In base 7, what is -2 + 1332240?
1332235
In base 12, what is -1702b + 0?
-1702b
In base 10, what is 1231 - 4?
1227
In base 5, what is 122 + 10410412?
10411034
In base 8, what is 27 - -10527?
10556
In base 9, what is -6 + 173213?
173206
In base 6, what is 4120 + -120?
4000
In base 15, what is -bb3 - -5?
-bad
In base 10, what is 5 + 265012?
265017
In base 10, what is -89 - -6549?
6460
In base 8, what is 42 - -23127?
23171
In base 9, what is 667 - 142?
525
In base 12, what is 12a2 - -1a?
1300
In base 13, what is 1baa3 - 2?
1baa1
In base 14, what is 1da5d + -2?
1da5b
In base 15, what is -bb + -2b?
-e7
In base 12, what is 3315 - -3?
3318
In base 9, what is 8 - 1123753?
-1123744
In base 11, what is 67 + 1107a?
11136
In base 7, what is 31 + 231625?
231656
In base 6, what is 1001143 + -155?
1000544
In base 9, what is 2 - -65577?
65580
In base 11, what is 6 + -913a?
-9134
In base 12, what is -3b5 + 105?
-2b0
In base 14, what is ac91 + 3?
ac94
In base 7, what is -2466 + -13?
-2512
In base 16, what is 233 - -70?
2a3
In base 5, what is 1 + 4100322?
4100323
In base 3, what is 12 - -200202112?
200202201
In base 16, what is -1 + 2078?
2077
In base 14, what is 487a6 - -1?
487a7
In base 2, what is -100 + -10001101111?
-10001110011
In base 16, what is -4 - 2102?
-2106
In base 7, what is 463335 - 4?
463331
In base 14, what is 2 + -838?
-836
In base 7, what is 1311325 - 1?
1311324
In base 6, what is -10205214 + -2?
-10205220
In base 12, what is ab9b0a + -1?
ab9b09
In base 6, what is 203051 + 4?
203055
In base 8, what is 1534 + 743?
2477
In base 15, what is -6 - -93e00?
93de9
In base 5, what is -134 + 123140?
123001
In base 11, what is 235 + -7430?
-71a6
In base 3, what is 1002120102 - 20?
1002120012
In base 12, what is -1060b6 + 6?
-1060b0
In base 13, what is -3 + -2569?
-256c
In base 7, what is 344 - -236424?
240101
In base 8, what is 3 - -44220?
44223
In base 13, what is 59466 - 0?
59466
In base 3, what is 10221 + -211120?
-200122
In base 14, what is -166b61 - 0?
-166b61
In base 8, what is 206 - 3747?
-3541
In base 2, what is 110 - 1011111110111?
-1011111110001
In base 13, what is 6 - -14a60?
14a66
In base 11, what is -1 - -476954?
476953
In base 4, what is -102230113200 + 1?
-102230113133
In base 7, what is 12304304 - -2?
12304306
In base 2, what is 10110101101010110 - -1110?
10110101101100100
In base 10, what is -5 - 17448?
-17453
In base 13, what is 1 - -1c773?
1c774
In base 13, what is 2aa5 - 4?
2aa1
In base 11, what is 732 - -67?
799
In base 4, what is -10310011 + -3?
-10310020
In base 2, what is 10100000 + 1010010?
11110010
In base 16, what is d2 - -18d?
25f
In base 12, what is -1205 + 2?
-1203
In base 7, what is 21166 - -3?
21202
In base 2, what is -101 + -110111000011000?
-110111000011101
In base 14, what is -a - 7972?
-797c
In base 15, what is 5 + -515a0?
-5159a
In base 10, what is 4 + -171704?
-171700
In base 14, what is 51d7 + 1?
51d8
In base 15, what is 7 - -99b?
9a3
In base 10, what is 9095 - 20?
9075
In base 2, what is -1 + 11000101110?
11000101101
In base 5, what is -3 + -12403012?
-12403020
In base 6, what is -34514 - 1150?
-40104
In base 12, what is 478bb0 - -5?
478bb5
In base 2, what is 1011011 + 10111100?
100010111
In base 16, what is 4a5 - -b?
4b0
In base 15, what is 3 + d557?
d55a
In base 9, what is 468232 + -4?
468227
In base 12, what is 103 + 717?
81a
In base 16, what is -1c2c - 0?
-1c2c
In base 3, what is -1020 + -120021002?
-120022022
In base 15, what is -2 + -53ba?
-53bc
In base 3, what is 2212120210 + -21?
2212120112
In base 13, what is -2 - -3bb7?
3bb5
In base 15, what is -90e3 + 5?
-90dd
In base 7, what is -2 + 34345?
34343
In base 15, what is -4c92 + -4?
-4c96
In base 2, what is -101 + -10001100000000100011?
-10001100000000101000
In base 4, what is -2003010 - -21221?
-1321123
In base 11, what is -778 - -46?
-732
In base 16, what is 3 - 8c73?
-8c70
In base 2, what is -10111000110100 - 1000?
-10111000111100
In base 8, what is 15 + 2104?
2121
In base 3, what is 212 + 120112211?
120120200
In base 7, what is -10634 + -3?
-10640
In base 6, what is 1011 - 2341?
-1330
In base 7, what is 2621 - 20062?
-14141
In base 13, what is 16c15 - -1?
16c16
